 -171. Suppose 3*w = -3*p + m, 3*p = -0*p - 2*w + l. What is the greatest common divisor of 10 and p?
10
Let c(o) = -o**3 + 26*o**2 + 33*o - 90. Let l be c(27). Calculate the highest common divisor of l and 84.
12
Suppose u + 3*i = 9, -5*i - 6 - 19 = -5*u. Calculate the greatest common divisor of u and 46.
2
Suppose -58*o + 47*o + 44 = 0. Suppose -f + 222 = -4*f. Let y = -42 - f. Calculate the greatest common divisor of o and y.
4
Suppose 7*m - 576 = 243. Calculate the greatest common divisor of m and 91.
13
Let o(s) = s**3 + 3*s**2 - 7*s - 16. Let w be o(7). What is the greatest common divisor of w and 17?
17
Let s(c) = 2*c**3 + 14*c**2 - 2*c - 5. Let l be s(-7). What is the greatest common divisor of 33 and l?
3
Let g = 11 + -6. Suppose 3*n = 5*a + 7*n + 73, -5*a - 70 = g*n. Let b = -11 - a. Calculate the greatest common divisor of b and 18.
6
Let r be (-16)/3*9/(-2). Suppose 4*h = 5*f - 34, 0 = -f - 18*h + 19*h + 7. What is the highest common divisor of f and r?
6
Let z = -70 + 273. Calculate the highest common divisor of z and 7.
7
Suppose 319 = p - i - 297, 5*p + 4*i - 3071 = 0. What is the highest common factor of 45 and p?
15
Let o(t) = 16*t - 46. Let d be o(16). Calculate the greatest common divisor of 60 and d.
30
Suppose -15 = -4*r + 1. Let l(j) = -j**3 + 6*j**2 - 3*j + 8. Suppose -2*i = 2*i - 16. Let u be l(i). What is the greatest common factor of r and u?
4
Let t(m) = -25 + 5 - m**2 - 2*m**2 + 17*m + 2*m**2. Let r be t(14). What is the greatest common divisor of 22 and r?
22
Let z = 105 + -40. Calculate the highest common factor of 130 and z.
65
Suppose 5*i = -2*u + 602, 481 = 8*i - 4*i + u. Calculate the greatest common factor of 90 and i.
30
Suppose 16*p = -3*z + 12*p + 22, -4*p - 14 = -3*z. Calculate the greatest common divisor of 57 and z.
3
Suppose -4*v = -9*v - 20. Let l be v*11/(-4)*1. Suppose 11449 = 87*j + 3793. What is the highest common factor of l and j?
11
Let q = 697 - 320. Calculate the greatest common divisor of q and 29.
29
Let o = 9 + -4. Let q be (13/(-26))/(1/(-6)). Let p be 16 + q + -7 - (1 - 4). Calculate the highest common divisor of p and o.
5
Let y(s) = -14*s + 21. Let r be y(-1). What is the highest common factor of r and 25?
5
Let v(a) = -a**3 + 23*a**2 - 26*a + 46. Let k be v(21). Calculate the greatest common divisor of k and 2.
2
Suppose 4*x - 816 = -4*b, x = 3*x + 8. What is the highest common divisor of b and 32?
16
Suppose -4*j = -16, 5*f - 187 = 14*j - 17*j. Let x = 15 + -10. Calculate the greatest common factor of f and x.
5
Suppose 0 = -y + 2*x - 30 + 10, y + 25 = -3*x. Let n = 37 + y. What is the greatest common divisor of n and 30?
15
Suppose 15 = 3*u + s - 15, u - 23 = 4*s. Calculate the greatest common divisor of 176 and u.
11
Suppose -d = 2*d. Let s = 19 - 17. Suppose -5*f + d = s*u - 7, 0 = 3*f + 15. What is the greatest common divisor of u and 16?
16
Let n be 5 + (-54)/12 - (-9)/2. Let g be (2 - 16/6)*-6. Suppose 0 = a + g*k - 55, 8*k - 4*k - 20 = 0. Calculate the highest common factor of a and n.
5
Let j be ((-15)/4)/(6/(-64)). Let r = -32 + j. What is the highest common divisor of 88 and r?
8
Let n(l) = l**3 - 6*l**2. Let s(x) = -x. Let c(g) = n(g) - s(g). Let y be c(6). Calculate the highest common divisor of 30 and y.
6
Suppose -d + 20 + 125 = 0. Suppose d + 95 = 4*w. What is the highest common factor of 12 and w?
12
Let r(b) = 4*b - 3. Let i be r(6). What is the greatest common factor of 98 and i?
7
Let k(n) = 11*n + 125. Let s be k(11). Calculate the highest common factor of 6 and s.
6
Suppose 0*l - 13*l + 507 = 0. Suppose 0*g + l = g. What is the highest common factor of 3 and g?
3
Suppose 0*j + 3*j + 12 = 0. Let s be (-28)/(-5) + j/(-10). Calculate the highest common divisor of 42 and s.
6
Suppose 0 = 4*y + 8*y + 24. Suppose -3*m - 50 = -c, 0*m + 5*m + 5*c + 50 = 0. Let i be (y/(-6))/((-5)/m). Calculate the greatest common factor of 2 and i.
1
Let u = 110 + -114. Let w be (-6)/u*(-6188)/(-39). Calculate the greatest common factor of w and 34.
34
Suppose 7*v - 89 - 366 = 0. Let n be (-1)/(4/(-3) - -1). Suppose 0 = -n*h + 50 + 28. Calculate the greatest common factor of v and h.
13
Let j = 8 + 16. Let c(s) = -s**3 - 47*s**2 + 43*s - 24. Let o be c(-48). What is the highest common factor of o and j?
24
Suppose 2*b + 2*r = 0, -2*b - 9 = 2*r + 3*r. Suppose -5*n - b*f = -40, 5*f - 4*f = 5. Let o = -5 - -20. What is the greatest common divisor of o and n?
5
Suppose 1830 = -3*r + 1929. What is the highest common divisor of r and 33?
33
Let x(l) = l**3 + 4*l**2 - 2*l. Let j be x(-3). Let i be ((3/(-2))/(-1))/((-6)/(-8)). Suppose -f - j = -i*f. What is the highest common divisor of f and 10?
5
Let x = -552 - -677. What is the highest common divisor of x and 50?
25
Suppose -2*h = 3*h + 5*r - 200, -h = -3*r - 20. Calculate the greatest common divisor of 245 and h.
35
Let s = 0 + 2. Let b be 1/(1/6*s). Suppose b*z - 77 + 239 = 5*y, -3*y + 102 = -3*z. Calculate the highest common factor of y and 12.
6
Let x(f) = 1 - 18*f - 9*f - 9 - 5*f. Let q be x(-2). What is the greatest common divisor of q and 84?
28
Suppose 0 = -2*j + 2*a + 16, -4*j + 2*a + 13 = -21. Let c(g) = 9*g**2 + 17*g - 59. Let f be c(4). Calculate the greatest common factor of f and j.
9
Let u = -1290 + 1381. Calculate the highest common divisor of u and 312.
13
Let t be 2/(-8) + 870/24. Calculate the highest common divisor of 72 and t.
36
Let d(k) = 7*k + 23. Let x be d(3). Let m(g) = -g**2 - 18*g - 12. Let l be m(-15). Calculate the greatest common factor of x and l.
11
Let l = -356 + 506. Calculate the greatest common factor of l and 550.
50
Let f(z) be the first derivative of -z**2/2 - 5*z + 4. Let r be f(-7). Let w be (46/r)/(8/24). Calculate the greatest common factor of w and 23.
23
Let u = 51 + -25. Let o = u - 12. Let w be (-1515)/(-12) - 2/8. What is the highest common divisor of o and w?
14
Let t be 4 + (77 - (7 - 6)). What is the highest common divisor of 50 and t?
10
Let h(c) = -c**2 - 4*c + 8. Let r be h(-10). Let o = 18 - r. Suppose -4*d + o = d. What is the greatest common factor of 2 and d?
2
Suppose 13*h + 29*h = 168. Suppose g = -g - 5*i + 97, -3*g + 83 = -5*i. What is the highest common factor of h and g?
4
Let n(z) = -2*z**3 + 39*z**2 - 20*z + 35. Let g be n(19). What is the highest common factor of g and 152?
8
Let j(m) = -m**2 + 11*m + 25. Let q be j(12). Suppose q + 143 = 4*l. Calculate the highest common factor of l and 390.
39
Let s be 417/(-556) + (-86)/(-8). What is the greatest common divisor of 10 and s?
10
Let i be (2*1 - (-5 + 5))*29. Calculate the highest common divisor of i and 87.
29
Let h be -4*((-30)/5 - -7) - -279. Calculate the greatest common divisor of 25 and h.
25
Suppose 4*d + u - 249 = 0, -4*d - 6*u + 9*u + 245 = 0. What is the greatest common factor of d and 2?
2
Suppose 5*r = 0, -283 = -c + 4*r - 79. Calculate the greatest common divisor of c and 102.
102
Let q = 116 - 109. Calculate the greatest common divisor of 217 and q.
7
Suppose 810 - 230 = 2*y. What is the highest common factor of 58 and y?
58
Let w be (3520/132)/(1/6). What is the highest common divisor of 40 and w?
40
Let y be (9/6)/(6/356). Suppose -2*z - 11 = y. Let o be (-1 + z/(-15))*3. Calculate the greatest common factor of 14 and o.
7
Let w = -388 - -481. What is the greatest common divisor of 93 and w?
93
Suppose 2*t = -4, -4*z = -t - 0*t - 138. Calculate the greatest common factor of 170 and z.
34
Let y be ((-18)/(-24) + -2)/(2/(-8)). Suppose -2*l + 2*m + 36 = 0, -14 - 1 = -y*m. Calculate the highest common factor of 6 and l.
3
Suppose -67*t + 73*t - 528 = 0. Let r(m) = m**2 - 4*m + 3. Let g be r(5). What is the greatest common factor of g and t?
8
Suppose 0 = -v - 0*v + 60. Let h(f) = f**3 - 4*f**2 - 6*f + 3. Let p be h(5). Let a be p/((-2)/(-40)*-2). Calculate the highest common divisor of a and v.
20
Let o be (-174)/(-203) - 50/(-7). What is the highest common factor of o and 8?
8
Let g = 10 - -5. Suppose c + 5*o = 2*o - g, 5*c + 129 = 3*o. Let s be 64/c*-60*1. What is the greatest common factor of s and 20?
20
Let v(n) be the second derivative of 35*n**4/4 - n**2/2 - 5*n. Let u be v(-1). Suppose -u = -5*d + d. Calculate the greatest common factor of d and 286.
26
Let j(x) = -2*x**2 + 10*x + x**2 + x - 6. Suppo